?
1
What is the tens digit of 1112106222?
2
What is the millions digit of 107822832?
7
What is the ten thousands digit of 116905945?
0
What is the hundred thousands digit of 22526541?
5
What is the thousands digit of 188743126?
3
What is the tens digit of 23751621?
2
What is the hundred thousands digit of 65209843?
2
What is the hundred thousands digit of 107935469?
9
What is the hundred thousands digit of 7313755522?
7
What is the thousands digit of 66796216?
6
What is the ten thousands digit of 1150752252?
5
What is the thousands digit of 316299944?
9
What is the billions digit of 1806879012?
1
What is the thousands digit of 1704460276?
0
What is the millions digit of 415616894?
5
What is the hundreds digit of 372759864?
8
What is the ten thousands digit of 177578839?
7
What is the thousands digit of 1673605413?
5
What is the thousands digit of 341493828?
3
What is the ten millions digit of 69467563?
6
What is the units digit of 749057743?
3
What is the ten thousands digit of 99796310?
9
What is the units digit of 21313917?
7
What is the ten thousands digit of 82981387?
8
What is the ten thousands digit of 80693583?
9
What is the ten thousands digit of 19286000?
8
What is the hundred thousands digit of 61995921?
9
What is the tens digit of 58970742?
4
What is the millions digit of 116160042?
6
What is the hundreds digit of 203261551?
5
What is the hundreds digit of 455172040?
0
What is the ten millions digit of 41610216?
4
What is the ten millions digit of 1967522286?
6
What is the units digit of 218490641?
1
What is the hundred thousands digit of 780823008?
8
What is the billions digit of 1274562484?
1
What is the tens digit of 2308275950?
5
What is the hundreds digit of 343549919?
9
What is the hundreds digit of 567475735?
7
What is the ten thousands digit of 1483373972?
7
What is the ten thousands digit of 1834341707?
4
What is the tens digit of 52829828?
2
What is the hundred thousands digit of 22676081?
6
What is the millions digit of 42634790?
2
What is the hundreds digit of 845522146?
1
What is the hundreds digit of 3473193858?
8
What is the ten thousands digit of 3126810?
2
What is the tens digit of 133740129?
2
What is the hundred thousands digit of 96776507?
7
What is the ten millions digit of 327967553?
2
What is the ten millions digit of 408258947?
0
What is the thousands digit of 13575688?
5
What is the hundreds digit of 5572825334?
3
What is the tens digit of 228068935?
3
What is the millions digit of 1374532200?
4
What is the ten thousands digit of 54037091?
3
What is the tens digit of 1054106636?
3
What is the ten thousands digit of 65005961?
0
What is the thousands digit of 6166676282?
6
What is the units digit of 795401118?
8
What is the millions digit of 328364803?
8
What is the hundreds digit of 321196305?
3
What is the ten millions digit of 1256479603?
5
What is the units digit of 92417318?
8
What is the thousands digit of 52766146?
6
What is the ten thousands digit of 176433110?
3
What is the units digit of 10326399?
9
What is the ten thousands digit of 519597451?
9
What is the thousands digit of 651844092?
4
What is the hundred thousands digit of 497070851?
0
What is the ten thousands digit of 48706499?
0
What is the billions digit of 1071596357?
1
What is the thousands digit of 2515818761?
8
What is the tens digit of 7176142?
4
What is the tens digit of 136732203?
0
What is the hundred thousands digit of 33784510?
7
What is the hundreds digit of 243763455?
4
What is the units digit of 371547202?
2
What is the tens digit of 404767161?
6
What is the ten thousands digit of 6040018684?
1
What is the hundred thousands digit of 401493330?
4
What is the tens digit of 59878003?
0
What is the tens digit of 720283715?
1
What is the hundred thousands digit of 534759888?
7
What is the units digit of 1432259564?
4
What is the ten thousands digit of 124468833?
6
What is the units digit of 213330939?
9
What is the ten thousands digit of 2342741?
4
What is the units digit of 1526047213?
3
What is the hundred thousands digit of 85358376?
3
What is the ten millions digit of 121721510?
2
What is the millions digit of 32113926?
2
What is the hundreds digit of 1199260185?
1
What is the thousands digit of 2029565751?
5
What is the hundreds digit of 70470051?
0
What is the tens digit of 676140079?
7
What is the tens digit of 1876860160?
6
What is the units digit of 132444801?
1
What is the ten millions digit of 166492551?
6
What is the hundreds digit of 33455242?
2
What is the hundred millions digit of 1002025496?
0
What is the hundred thousands digit of 3420933619?
9
What is the ten thousands digit of 738111465?
1
What is the ten millions digit of 50885181?
5
What is the ten thousands digit of 1779627285?
2
What is the hundred thousands digit of 341693450?
6
What is the hundred millions digit of 689745914?
6
What is the hundred thousands digit of 7305634?
3
What is the hundred thousands digit of 463829897?
8
What is the hundred thousands digit of 109271796?
2
What is the tens digit of 93668831?
3
What is the billions digit of 3482244453?
3
What is the hundred thousands digit of 50382414?
3
What is the units digit of 148250972?
2
What is the units digit of 397539958?
8
What is the tens digit of 140230791?
9
What is the tens digit of 256046665?
6
What is the thousands digit of 619756081?
6
What is the ten millions digit of 2972209757?
7
What is the hundred thousands digit of 50745620?
7
What is the tens digit of 1343908215?
1
What is the ten thousands digit of 58074613?
7
What is the ten millions digit of 556353072?
5
What is the units digit of 246465019?
9
What is the millions digit of 6535578486?
5
What is the hundred millions digit of 337419620?
3
What is the hundred millions digit of 136719369?
1
What is the thousands digit of 2427470194?
0
What is the ten thousands digit of 245716046?
1
What is the hundred millions digit of 196117920?
1
What is the tens digit of 621273859?
5
What is the ten thousands digit of 662639928?
3
What is the ten millions digit of 60917853?
6
What is the hundreds digit of 27779143?
1
What is the ten millions digit of 120996255?
2
What is the thousands digit of 692656428?
6
What is the hundreds digit of 8198929?
9
What is the hundreds digit of 101273290?
2
What is the tens digit of 635576572?
7
What is the ten thousands digit of 131987385?
8
What is the millions digit of 9788824?
9
What is the thousands digit of 243646374?
6
What is the hundred thousands digit of 1736971001?
9
What is the hundreds digit of 133989323?
3
What is the hundred millions digit of 142334834?
1
What is the hundred thousands digit of 538527112?
5
What is the ten thousands digit of 1273014692?
1
What is the hundred thousands digit of 2064293507?
2
What is the hundreds digit of 505003572?
5
What is the tens digit of 359863?
6
What is the millions digit of 459163267?
9
What is the thousands digit of 56282166?
2
What is the thousands digit of 3462391773?
1
What is the units digit of 7227458?
8
What is the tens digit of 76785077?
7
What is the thousands digit of 1209801984?
1
What is the units digit of 443546778?
8
What is the tens digit of 9982987?
8
What is the millions digit of 22190389?
2
What is the thousands digit of 1504206710?
6
What is the tens digit of 211885975?
7
What is the thousands digit of 461949090?
9
What is the millions digit of 110579884?
0
What is the hundred thousands digit of 4808636?
8
What is the hundred thousands digit of 2316221099?
2
What is the ten millions digit of 3256469186?
5
What is the thousands digit of 487385156?
5
What is the ten millions digit of 34793599?
3
What is the thousands digit of 2660240827?
0
What is the hundred thousands digit of 6294090588?
0
What is the thousands digit of 107458320?
8
What is the ten millions digit of 144881328?
4
What is the hundred thousands digit of 26780543?
7
What is the hundreds digit of 80678593?
5
What is the hundreds digit of 31227383?
3
What is the thousands digit of 522460271?
0
What is the thousands digit of 81994157?
4
What is the units digit of 152654671?
1
What is the hundred millions digit of 411142150?
4
What is the hundred thousands digit of 1493939789?
9
What is the tens digit of 308615206?
0
What is the hundreds digit of 126357842?
8
What is the units 